mon factor of 165 and 77?
11
Calculate the greatest common divisor of 8 and 448.
8
What is the highest common divisor of 20 and 932?
4
What is the greatest common divisor of 3 and 597?
3
What is the greatest common factor of 45 and 360?
45
Calculate the highest common factor of 64 and 368.
16
Calculate the highest common factor of 600 and 1050.
150
What is the highest common divisor of 144 and 198?
18
Calculate the highest common factor of 1111 and 404.
101
Calculate the highest common divisor of 29 and 2.
1
Calculate the greatest common factor of 148 and 444.
148
Calculate the highest common divisor of 6 and 1032.
6
Calculate the highest common factor of 240 and 3936.
48
Calculate the highest common divisor of 32 and 128.
32
Calculate the greatest common factor of 23405 and 62.
31
Calculate the greatest common divisor of 424 and 4.
4
What is the greatest common factor of 6 and 750?
6
Calculate the greatest common factor of 33 and 858.
33
What is the highest common factor of 742 and 1750?
14
What is the highest common factor of 16 and 40?
8
What is the highest common factor of 71 and 497?
71
What is the highest common factor of 5706 and 9?
9
What is the greatest common factor of 261 and 29?
29
Calculate the greatest common factor of 1577 and 1494.
83
What is the highest common divisor of 1 and 4?
1
What is the highest common divisor of 189 and 6363?
63
What is the highest common factor of 8357 and 685?
137
Calculate the greatest common divisor of 1936 and 44.
44
Calculate the highest common divisor of 3179 and 1496.
187
What is the highest common factor of 154 and 2849?
77
Calculate the greatest common factor of 1740 and 60.
60
Calculate the highest common divisor of 15 and 915.
15
Calculate the greatest common factor of 152 and 112.
8
Calculate the greatest common factor of 60 and 120.
60
Calculate the highest common divisor of 1095 and 15.
15
Calculate the highest common divisor of 287 and 3321.
41
What is the highest common factor of 9 and 66?
3
What is the greatest common factor of 1062 and 18?
18
Calculate the highest common divisor of 1128 and 264.
24
What is the greatest common factor of 30 and 870?
30
What is the greatest common factor of 506 and 55?
11
Calculate the greatest common factor of 175 and 1400.
175
Calculate the greatest common divisor of 2 and 11.
1
Calculate the greatest common factor of 132 and 1254.
66
What is the highest common divisor of 38 and 4085?
19
Calculate the highest common divisor of 1648 and 3914.
206
Calculate the highest common divisor of 1100 and 242.
22
What is the highest common factor of 18 and 42?
6
What is the greatest common divisor of 9589 and 344?
43
What is the greatest common divisor of 19 and 1501?
19
Calculate the greatest common divisor of 20 and 6185.
5
What is the highest common divisor of 156 and 12?
12
Calculate the highest common factor of 5217 and 111.
111
What is the greatest common divisor of 575 and 92?
23
What is the greatest common factor of 4068 and 36?
36
What is the greatest common factor of 575 and 920?
115
Calculate the greatest common divisor of 11 and 22.
11
Calculate the greatest common factor of 715 and 130.
65
Calculate the highest common divisor of 1390 and 3614.
278
Calculate the greatest common factor of 270 and 6.
6
Calculate the greatest common divisor of 432 and 272.
16
What is the greatest common divisor of 31 and 713?
31
What is the highest common divisor of 24056 and 97?
97
What is the greatest common factor of 59 and 3127?
59
What is the highest common divisor of 184 and 15916?
92
What is the highest common factor of 390 and 702?
78
Calculate the highest common factor of 712 and 2314.
178
What is the greatest common divisor of 120 and 744?
24
Calculate the greatest common factor of 145 and 551.
29
What is the highest common divisor of 5 and 10?
5
What is the greatest common factor of 220 and 7260?
220
What is the highest common divisor of 1 and 151?
1
What is the greatest common factor of 462 and 330?
66
What is the greatest common factor of 570 and 180?
30
What is the highest common divisor of 378 and 70?
14
What is the highest common divisor of 25 and 425?
25
Calculate the greatest common factor of 13 and 89.
1
What is the greatest common divisor of 6278 and 172?
86
What is the greatest common divisor of 166 and 8964?
166
Calculate the highest common factor of 4 and 23.
1
Calculate the highest common divisor of 126 and 210.
42
What is the greatest common factor of 7 and 10?
1
What is the greatest common factor of 2057 and 22?
11
What is the highest common divisor of 11 and 41580?
11
What is the greatest common divisor of 158 and 26?
2
Calculate the greatest common divisor of 44 and 704.
44
Calculate the greatest common factor of 756 and 56.
28
Calculate the greatest common factor of 395 and 4187.
79
Calculate the greatest common divisor of 5345 and 5.
5
Calculate the greatest common factor of 2511 and 31.
31
Calculate the highest common divisor of 189 and 27.
27
What is the greatest common divisor of 9 and 531?
9
What is the greatest common factor of 187 and 629?
17
What is the greatest common divisor of 1376 and 32?
32
Calculate the highest common divisor of 3599 and 295.
59
Calculate the greatest common divisor of 688 and 80.
16
Calculate the highest common divisor of 22 and 5522.
22
Calculate the highest common divisor of 66 and 121.
11
Calculate the greatest common factor of 8 and 2.
2
Calculate the highest common factor of 722 and 19.
19
Calculate the highest common factor of 14191 and 46.
23
What is the highest common divisor of 819 and 234?
117
What is the greatest common divisor of 111 and 183?
3
What is the highest common divisor of 25 and 1150?
25
What is the highest common factor of 943 and 82?
41
What is the highest common factor of 98 and 14?
14
Calculate the greatest common divisor of 6108 and 24.
12
Calculate the greatest common factor of 189 and 84.
21
What is the greatest common factor of 44 and 1?
1
Calculate the greatest common factor of 1474 and 44.
22
Calculate the highest common divisor of 7191 and 306.
153
What is the greatest common divisor of 24 and 592?
8
What is the highest common factor of 27 and 32?
1
What is the greatest common factor of 576 and 27?
9
Calculate the greatest common divisor of 3625 and 125.
125
Calculate the greatest common factor of 759 and 1127.
23
What is the greatest common divisor of 141 and 2867?
47
Calculate the highest common factor of 85 and 17.
17
What is the highest common divisor of 791 and 91?
7
What is the highest common divisor of 3059 and 247?
19
Calculate the highest common factor of 17 and 918.
17
Calculate the highest common divisor of 14 and 518.
14
What is the highest common factor of 41 and 533?
41
What is the greatest common factor of 3108 and 1110?
222
Calculate the greatest common factor of 7 and 4242.
7
What is the highest common factor of 754 and 52?
26
What is the greatest common factor of 15 and 7165?
5
Calculate the highest common factor of 172 and 430.
86
What is the highest common divisor of 2821 and 182?
91
Calculate the greatest common factor of 1842 and 6.
6
Calculate the greatest common factor of 273 and 84.
21
Calculate the greatest common divisor of 470 and 94.
94
Calculate the greatest common factor of 1066 and 1558.
82
Calculate the greatest common divisor of 11 and 407.
11
Calculate the greatest common divisor of 556 and 20.
4
Calculate the greatest common divisor of 123 and 410.
41
Calculate the highest common factor of 31 and 22909.
31
What is the greatest common divisor of 98 and 245?
49
Calculate the greatest common factor of 48 and 176.
16
What is the highest common divisor of 68943 and 201?
201
What is the highest common factor of 11850 and 150?
150
What is the greatest common factor of 870 and 120?
30
What is the greatest common divisor of 18 and 486?
18
Calculate the highest common factor of 63 and 54.
9
What is the greatest common factor of 960 and 4?
4
What is the highest common factor of 3978 and 1547?
221
What is the highest common factor of 25 and 1250?
25
Calculate the greatest common factor of 61 and 2257.
61
Calculate the greatest common divisor of 19 and 589.
19
What is the highest common factor of 248 and 31?
31
Calculate the highest common factor of 12